c - 2. Let l be g(6). Let s(y) = 9*y**3 - y. Let t be s(1). What is the greatest common divisor of t and l?
4
Let n = 9 + -5. Let w = n - 1. Suppose w*l - 2*l = 3. Calculate the greatest common divisor of 6 and l.
3
Suppose -4*s = -2*s - 6. Let m(r) = 4*r. Let h be m(s). Calculate the highest common divisor of 48 and h.
12
Suppose -5*f + 6*f = 12. What is the highest common divisor of 108 and f?
12
Let d = -114 + 130. Calculate the greatest common divisor of d and 88.
8
Let h(z) = 313*z**2 - 2*z + 1. Let o be h(1). Let g be o/15 - (-3)/15. What is the highest common divisor of 21 and g?
21
Let t = 18 - 12. Suppose -w + t = 3. Suppose -w*l + 2*l - 2*m = -66, -5*l = 2*m - 306. Calculate the greatest common divisor of 20 and l.
20
Suppose -v + 5*h = -61, -v + 3*v + 2*h = 62. Let m = 38 + -26. Calculate the greatest common divisor of v and m.
12
Let s be (-18)/4*(3 - -3). Let i = -9 - s. What is the greatest common factor of 162 and i?
18
Suppose d = 2*i + 3, -d - 5*i = -3*d + 4. Calculate the highest common factor of d and 28.
7
Let f be 160 + ((-9)/(-3) - 3)*1. Let u(o) = o**2 + o + 20. Let b be u(0). What is the greatest common factor of f and b?
20
Let k be -2 - 86/(4 + -5). Let r be 12/5*10/2. Calculate the greatest common factor of k and r.
12
Suppose -10*m + 6*m + 144 = 0. Calculate the greatest common divisor of m and 9.
9
Suppose 4*n - 72 = -6*b + 5*b, -b = 5*n - 91. Suppose 18*k = 20*k - 76. Calculate the greatest common divisor of k and n.
19
Let s(u) = -u**2 + 33*u + 47. Let m be s(27). What is the highest common divisor of m and 19?
19
Suppose -3*i + 7 + 53 = 0. Suppose -6*a + a = 380. Let g = a + 126. Calculate the greatest common divisor of i and g.
10
Let c(g) = -2*g**3 - 6*g**2 - 2*g - 2. Let m be c(-5). Let n = 3 - -9. What is the greatest common divisor of m and n?
12
Let w = -7 + 10. Suppose w*m + 28 = 7*m. Calculate the greatest common factor of m and 63.
7
Suppose -2*h - 3*m + 30 = 0, 2*m = 2*h - 3*m - 14. What is the highest common factor of h and 8?
4
Suppose 2*p = -2*q + 4*q + 2, -2*p + 5 = -q. Suppose q*d - 3*s - 63 = 0, 0*d = -d + 2*s + 24. Calculate the highest common divisor of 27 and d.
9
Let d be (-36)/(-90) + 18/5 - -146. Calculate the greatest common factor of 30 and d.
30
Suppose 5*q = 3*q + 68. Let u = 68 - q. Let h(k) = -10*k**3 - 2*k + 1. Let v be h(-2). What is the highest common divisor of v and u?
17
Let x = -22 - -31. Calculate the highest common divisor of 1 and x.
1
Let y(x) = -x**2 + 13*x - 5. Let u be y(8). Suppose 2*q + 11 = u. Calculate the highest common factor of 3 and q.
3
Suppose -4*z - 1502 = -298. Let f = 421 + z. Calculate the greatest common divisor of f and 15.
15
Suppose 0 = 4*k - 101 - 343. Let f be (-2)/(-14) - (-1790)/(-35). Let n = f + k. Calculate the highest common factor of n and 24.
12
Suppose 5*y + 4*t = 52, 0*y + 2*t + 40 = 3*y. Suppose 0 = 5*j - 185 - 175. Calculate the greatest common divisor of y and j.
12
Let g(r) = 2*r + 2. Let d be g(14). Suppose 9*z - 7*z - d = 0. Calculate the greatest common divisor of z and 30.
15
Let x = -3 + 26. Calculate the greatest common divisor of 23 and x.
23
Let v be ((-152)/(-3))/(132/(-18) - -8). What is the greatest common factor of v and 19?
19
Suppose 2*u + t = 21, 4 = 3*u - 3*t - 5. Suppose -2 - u = -o. What is the highest common divisor of 30 and o?
10
Let w(h) = -h + 18. Let s be w(0). What is the greatest common divisor of 126 and s?
18
Let g = 19 - 10. Calculate the greatest common divisor of g and 72.
9
Suppose -4*f + 3 = -3*f. Let x(v) = -v + 6. Let z be x(f). Suppose 2*d - 2 = -2*h, 0 = d - 0*d + 2*h. Calculate the highest common divisor of z and d.
1
Let b(x) = -x**3 - 8*x**2 - 3*x + 6. Let j be b(-6). Let q = -8 - j. What is the greatest common factor of 20 and q?
20
Let x(k) = -k**2 + 12*k - 7. Let m be x(9). Suppose 5*b = b + 120. What is the highest common factor of m and b?
10
Suppose -5*t + f + 3*f = -31, 5*t + 5*f + 5 = 0. Calculate the highest common divisor of 27 and t.
3
Let f be (-2 + 3)*-1 + 4. Suppose -2*h - 12 = -f*h. Calculate the highest common factor of 132 and h.
12
Let y(i) = 2*i + 1. Suppose g = 2*g - 4*k - 1, 0 = 4*g + 3*k - 4. Let t be y(g). Let q be 1*-30*4/(-10). Calculate the greatest common divisor of t and q.
3
Let f(t) = 15*t**2 - t - 6. Let z be f(4). What is the greatest common factor of z and 46?
46
Let g = -13 - -24. Suppose -4*w = 5*l - 119, -50 = -2*w - 3*l + g. What is the greatest common factor of 65 and w?
13
Let z = -59 - -88. Let x = -17 + z. Calculate the greatest common divisor of x and 60.
12
Suppose -2*g = -7*g + 200. Let u = g - 19. Let i(k) = k**3 + 12*k**2 + 5*k - 3. Let m be i(-5). What is the greatest common factor of m and u?
21
Let s(p) = -p**2 + 12*p - 8. Let v be s(9). What is the highest common divisor of v and 57?
19
Suppose 2*i = -i - 2*b + 7, 2*b = 4*i - 14. Let x be -1 - (-4 - i)/1. Calculate the highest common factor of x and 15.
3
Suppose 2 = 2*r + 10, r + 2 = -2*m. Let n be m + -1*(-1 + -14). Suppose -3*b = -4*o - 116, -b + 5*o = -3*b + 85. What is the greatest common factor of n and b?
8
Let w = 3 - -20. Let p(s) = -s**3 + 4*s**2 + 4*s - 6. Let b be p(5). Let f = w + b. Calculate the greatest common factor of f and 36.
12
Let w be -1 + -1 + 29 - -3. Suppose 0*a - w = 3*a. Let l = a - -17. What is the greatest common divisor of 49 and l?
7
Let m = 11 + -7. Suppose -m*k + 12 = -3*k. What is the highest common divisor of k and 60?
12
Let p = 23 + -13. Calculate the greatest common factor of 110 and p.
10
Let l(d) = 32*d - 6. Let b be (1 - (-10)/(-4))*-2. Let o be (25/(-15))/((-1)/b). Let i be l(o). What is the greatest common factor of i and 14?
14
Suppose -3*l + 34 + 36 = 4*s, l - 3*s - 19 = 0. What is the greatest common factor of 88 and l?
22
Let w = 124 - 89. Let h(l) = l**2 + l + 2. Let a be h(-4). Calculate the highest common divisor of a and w.
7
Let s = 4 + -1. Let v(l) = 3*l + 1. Let o be v(s). Suppose 3*d - 2 = 2*d. What is the greatest common factor of o and d?
2
Suppose -63 = -2*y + 245. Let u = -8 + 17. Suppose -z = l - u, -4*z - 25 = z. What is the greatest common factor of y and l?
14
Let n(f) = -f**3 - f + 128. Suppose -2*r - 4*w - 8 = -2*w, 4*r + 3*w + 12 = 0. Let i be n(r). Calculate the greatest common factor of i and 16.
16
Suppose -29 - 52 = 3*f - 3*h, 2*h + 84 = -4*f. Let a = -13 - f. Calculate the highest common divisor of a and 60.
10
Let v(x) = x**2 - 4*x + 10. Let d be v(8). Suppose -5*w + 10 = -5*j, -7 - 5 = -4*w + 3*j. Calculate the greatest common divisor of w and d.
6
Let h be ((-8)/12)/((-2)/15). Let v(m) = 3*m + h + 3*m + m + 0. Let q be v(5). Calculate the highest common factor of q and 60.
20
Let p(h) = 64*h - 4. Let y be p(1). What is the greatest common factor of 40 and y?
20
Let j be -1*(-4 + 1) + 195. Suppose 0 = -a - 2*v - 0*v + 32, -49 = -2*a - v. Calculate the highest common factor of a and j.
22
Let k be (6/(-4))/((-6)/12). Let h be (-2)/k*(-726)/4. What is the highest common factor of 11 and h?
11
Suppose 5 = -3*v - 4. Let l be (-1 + v)*(-6 - 0). Let j(p) = 2*p**2 - 6*p - 4. Let t be j(5). Calculate the greatest common divisor of l and t.
8
Suppose -1 = -3*i - 9*y + 4*y, -5*y - 13 = -4*i. Suppose i*v + 1 + 5 = 0. Let p be (-2)/v - 489/(-9). Calculate the highest common factor of 11 and p.
11
Let f = 20 + -42. Let p be 6/(-4)*f/3. Calculate the highest common divisor of 1 and p.
1
Let k(f) = 0 + 13*f**2 + 0. Let a(u) = u**2 - u + 1. Let p be a(1). Let h be k(p). Calculate the greatest common divisor of h and 13.
13
Suppose -2*i = 4*i - 300. Calculate the greatest common divisor of i and 5.
5
Suppose -93 = 3*o - 6*o. Calculate the greatest common divisor of o and 62.
31
Let o be (-24039)/(-81) + (-2)/(-9). Suppose 0 = 2*w - 40 - 14. What is the greatest common divisor of w and o?
27
Suppose 3*l - 791 = -c, -c = -l - 0*c + 265. What is the greatest common divisor of 24 and l?
24
Let s be (3/(-2))/((-2)/68). Let w be (-148)/(-8) - 9/(-12)*-2. What is the highest common divisor of s and w?
17
Let i(h) = h**3 - 9*h**2 + 13*h - 17. Let l be i(8). What is the highest common divisor of 69 and l?
23
Let v(g) = -g**2 - g - 1. Let p be v(2). Let i = p + 10. What is the greatest common divisor of i and 24?
3
Suppose -4*s = -104 - 136. What i